v + 147 = 182. Suppose 5*r = -n + 9, v*r - 11*r - 3*n = -16. Let g(w) = 8*w**2. Give g(r).
8
Suppose 12 + 5 = a. Suppose -2*m + a = 5*z - 2, -z + m = -1. Let c(o) = -1. Let u(k) = k**2 - k - 8. Let g(n) = 6*c(n) - u(n). Determine g(z).
-4
Suppose h + 4*i = 18 + 17, 4*i - 20 = 0. Suppose -h*b - 2*b + 612 = 0. Suppose -b = -3*z - 39. Let r(v) = 12*v**3 - v**2 - v - 1. What is r(z)?
-13
Let i(n) be the first derivative of 4*n**2 - 15*n + 2024. What is i(2)?
1
Let x(d) be the third derivative of d**6/120 - d**5/10 - d**4/2 - d**3/3 - 1499*d**2. What is x(7)?
-37
Let g(q) = 2347*q - 93 - q**2 - 2358*q + 101. Let z(a) = 7*a + 2. Let c be z(-2). Determine g(c).
-4
Let y(n) be the first derivative of 3*n**2/2 + 84*n + 52. Let c be y(-27). Let b(s) = -s**2 + 6*s + 2. What is b(c)?
11
Let c(l) = 45*l**3 - l + 9*l**3 + 6*l**2 - 53*l**3 - 3. What is c(-3)?
27
Let v(a) = -a - 2. Suppose o + 48 - 18 = r, 4*r = -o + 105. Suppose -4*z + 12 = 2*y, 2*y - r*z = -25*z - 12. What is v(y)?
0
Let u(d) = 11*d - 8. Let v = 28 + -26. Let c be u(v). Let j(t) = -2 - 9*t - t**2 + 0*t + c*t - 10*t. Give j(-5).
-2
Suppose -123*f - 35 + 773 = 0. Let s(n) = n**2 - 4*n - 14. Give s(f).
-2
Let d(q) = 6*q**3 - 155*q**2 + 156*q. Let r be d(1). Let m(v) = -26*v + 35. Determine m(r).
-147
Let i(k) = 2*k**2 + 42*k - 15. Let w be i(-18). Let j = w - -126. Let l(h) = j*h + 6*h**2 + h**3 - 2 + 0*h**2 + h + 6. Give l(-5).
9
Let o(q) = q**3 + 22*q**2 + 7*q + 9. Let c(r) = r**3 + 18*r**2 + 7*r + 8. Let j(f) = -4*c(f) + 3*o(f). Give j(-4).
-9
Suppose -2*i - 259*v + 254*v = -15, -20 = -4*v. Let f(w) = w**2 + 5*w + 1. What is f(i)?
1
Let a(m) = -38*m + 8. Let h(n) = -13*n + 2. Let b(r) = -a(r) + 3*h(r). Calculate b(4).
-6
Let k(m) = -m - 5. Let f(q) = -q**3 + 4*q**2 + 16*q + 16. Let p(h) = -f(h) - 5*k(h). Determine p(6).
15
Suppose 0 = 2*j + 4*n - 30, 0 = -j + 4*n + 6 - 21. Suppose -9 + 33 = 4*m + 4*a, 0 = -5*m + j*a + 40. Let z(p) = p**3 - 5*p**2 - 8*p - 10. Calculate z(m).
32
Let v(s) = 13*s**2 - 21*s + 19. Let b(j) = -6*j**2 + 10*j - 9. Let f(h) = 9*b(h) + 4*v(h). Let c be (247/39 - 6)*17 - (-56)/(-84). What is f(c)?
-25
Suppose 18 = -2*z + 22, 3*b + 5 = z. Let l(d) = -7*d - 1. Let j(a) = -3*a. Let k(g) = b*j(g) - l(g). Determine k(1).
11
Suppose -f + 8 = -v, 4*f + 2*v - 2 = -0*v. Suppose -6*o = -o + 3*w + f, o = -5*w - 5. Let r(i) = i + 3. What is r(o)?
3
Let x(m) = m - 2 - 18870*m**2 + 18870*m**2 - 3*m + 57*m**3. What is x(-1)?
-57
Suppose 5*a - 3*n = 16, -5*a - 3*n + 0*n = -34. Suppose 3*c + 4*i = 161, a*c - 5*i - 116 = 129. Let r = -52 + c. Let f(p) = -5*p + 1. Give f(r).
6
Suppose -v + 2*c - 3 = 0, -4*v - 2*c + 64 - 76 = 0. Let y(o) = -o**2 - 12*o - 32. Give y(v).
-5
Let t(w) = -w**2 - w - w - 5 + 2 + 5. Suppose 0 = -4*l + 9*l + 70. Let g(x) = x + 16. Let m be g(l). Give t(m).
-6
Suppose -78*l - 91 = -71*l. Let h(n) = -n**3 - 13*n**2 + 3*n - 3. Determine h(l).
-42
Let f(u) be the second derivative of 0*u**2 + 0 + 1/12*u**4 - 1/3*u**3 - 1/60*u**5 - 29*u. Let q(k) be the second derivative of f(k). Determine q(6).
-10
Let j(h) be the second derivative of -h**4/12 + 2*h**3/3 + 7*h**2/2 - 5*h - 67. Let d be 4/(-14) + (-111)/(-21). What is j(d)?
2
Suppose -3*y - y - 24 = 0. Let v(o) = 3*o - 2. Let t = 173 + -166. Let w(q) = -q. Let g(n) = t*w(n) + 2*v(n). Give g(y).
2
Let g(r) = -11*r**3 - 3*r**2 - 3*r. Let z(m) = -37*m**3 - 11*m**2 - 10*m. Let d(s) = 7*g(s) - 2*z(s). Calculate d(3).
-75
Let q(w) = -3*w**3 + 27*w**2 - 23*w. Let p be q(8). Let j be (-1*6)/(p/(-16) + -1). Let z(c) = 2*c**2 - 2*c - 2. What is z(j)?
22
Suppose 2*t + n - 4 = 1, -2*n = 2*t - 10. Suppose 4*f + 2*p - p - 148 = t, -4*f - 5*p + 148 = 0. Let x(c) = -2*c**2 - 3*c**2 - 34 - c**3 + c + f. Give x(-5).
-2
Let l(i) = i**3 + 15*i**2 - 19*i + 14. Let p = -2971 + 2955. Give l(p).
62
Let y(w) = -2*w**3 + 4*w**2 - 8*w - 22. Let k be -5 + 23/((-230)/80) - -11. What is y(k)?
26
Let d(c) be the first derivative of c**3/3 + 5*c**2 + 13*c + 2. Let m be -58*(-12)/696 - 10. Give d(m).
4
Let j(d) = 411*d**2 + d. Let z be j(1). Let w = 411 - z. Let y(t) = -18*t - 1. Give y(w).
17
Let a(q) = 5*q**2 - 14*q - 12. Let p(i) = -14*i**2 + 39*i + 31. Let r(n) = 8*a(n) + 3*p(n). Give r(4).
-15
Let h(q) = -q**2 + 3*q - 4. Let o(u) = u**3 + 22*u**2 + 40*u + 5. Let m be o(-20). Calculate h(m).
-14
Let w(i) = 4*i + 3. Let b(c) be the second derivative of -c**4/6 - 7*c**3/3 + 20*c**2 - 25*c. Let z be b(-9). What is w(z)?
19
Let r(j) = -j**3 + 13*j**2 + 15*j - 12. Let k be r(14). Let i(c) = -c + 4*c**3 - 5*c**3 + 3957*c**2 - 3968*c**k - 4. What is i(-11)?
7
Let t(x) = 4*x**3 + 21*x**2 - x + 30. Let o = 305 + -302. Let j(u) = -5*u**3 - 22*u**2 + 2*u - 30. Let h(b) = o*j(b) + 4*t(b). What is h(-18)?
-6
Suppose 9*d - 7*d + 188 = 0. Let g = d - -98. Let q(y) = -5*y**2 + 5*y - 13. Let w(a) = -2*a**2 + 2*a - 6. Let i(r) = 3*q(r) - 7*w(r). What is i(g)?
-9
Let j(m) = m**3 + 2*m**2 - m - 1. Let g = 98 - 93. Suppose -95 = -3*n - 4*p, n - 3*p = -g*p + 33. Let s = -31 + n. Determine j(s).
1
Let l(j) be the first derivative of -3*j**2 + 2*j - 1. Let i(f) = 3*f**3 + 14*f**2 + 125*f + 651. Let q be i(-5). Give l(q).
-4
Let c = -671 + 1335. Let i = -674 + c. Let y(b) = -b**2 - 13*b - 3. Give y(i).
27
Let y(i) = 2*i**3 + 2*i**2 - 1. Let z = 71 + 57. Let t = 141 - z. Suppose s + 5*n + 3 + 20 = 0, 3*n + t = -s. What is y(s)?
23
Let k(z) = -z. Let x(q) = -5*q. Let d(g) = 11*k(g) - 2*x(g). Suppose -10*u + 4*r - 33 = -7*u, -9 = -3*r. Let l = -2 - u. Give d(l).
-5
Let w = -1992 + 1996. Let l(d) = 2*d**2 - 5*d + 2. Calculate l(w).
14
Let g(d) = -d**3 - 6*d**2 + 13*d + 51. Let h be g(-7). Suppose -h*w = -7*w - 18. Let m(x) = -2*x + 11. Give m(w).
-7
Let b(n) = -2*n + 18. Suppose -102*j - 201*j + 530 + 985 = 0. What is b(j)?
8
Let p(g) = g**2 + 8*g + 1. Let l(m) = m. Let t(q) = -6*l(q) + p(q). Let a(h) = 5*h**2 + 17*h - 1. Let z(y) = -a(y) + 4*t(y). Calculate z(-9).
5
Let o(l) = 3*l**2 + 4486*l + 12 - 9153*l + 4636*l. Calculate o(10).
2
Let t(d) = -d**3 - 10*d**2 + 12*d + 12. Let h(u) = u + 38. Let n be h(-30). Let m be ((-18)/n)/(28/112) - 2. Give t(m).
1
Let o(s) = s**3 + 73 + 75 - 6*s**2 - 217 + 67 + 10*s. Let a(y) = -y**2 - 3*y - 1. Let n be a(-4). Let q(f) = f. Let i(b) = n*q(b) + o(b). What is i(3)?
-14
Let p(q) = 11*q - 15*q - 292*q**2 - 5*q + 291*q**2 + 0*q - 15. What is p(-3)?
3
Let s(r) = -r + 4. Let l(i) = 153*i + 301. Let c be l(-2). Determine s(c).
9
Let x(q) be the third derivative of q**7/5040 + q**6/120 + 71*q**5/60 - 2*q**2 - 3*q. Let s(o) be the third derivative of x(o). Give s(-11).
-5
Suppose -57*v + 61*v - 38 = -2*x, 4 = 2*v + 4*x. Let o(c) = -c**3 + 12*c**2 + c + 4. Determine o(v).
16
Suppose 19*j + 244 = 23*j. Let i = j + -60. Let u(g) = 12*g**2 - 1. Calculate u(i).
11
Suppose 19*x = 52 + 62. Let u(t) = -2*t**2 + x*t**2 - 1 + 5*t**3 + t + 7*t**3 - 3 - 11*t**3. Give u(-3).
2
Let g(f) = -f**2 + 2*f. Let p = 6627 - 6622. What is g(p)?
-15
Let j(z) = z**2 - 11*z + 56. Suppose 19 - 12 = 3*l - 20. Calculate j(l).
38
Suppose 2*c - 24 = 4*x, 16 = 2*c + 4*x - 6*x. Let u(m) = 42*m - 182. Calculate u(c).
-14
Suppose -30 = o + 4*o. Let b(t) be the third derivative of 5/6*t**3 + 21*t**2 + 0 - 1/24*t**4 + 0*t. Give b(o).
11
Suppose -2*s = -7*q + 2*q + 3, 3*s = 4*q - 1. Suppose -4*i - q = 23. Let w(h) = 3 - 17*h**2 + 6*h**2 - 7*h + 16*h**2 + h**3. Calculate w(i).
9
Let o(s) = -4 + 1904*s - 1907*s + 3. Let w(h) = h**2 + 4. Let b be w(0). Let i(r) = -r**2 + 5*r - 6. Let p be i(b). Give o(p).
5
Suppose -7 = -p - 3*h, 3*p + h = -2*h + 9. Let i(g) = -2*g**2 + g**2 + g**3 - p + 0*g + 0*g + g. Let a be (3/(-18) + 3/(-6))/(2/(-3)). Calculate i(a).
0
Let l(s) be the second derivative of -s**5/20 - s**4/12 + s**3/6 + 4*s**2 - 4*s. Suppose 2*z + 13*z = 5*z. Determine l(z).
8
Let t(g) = 224 - 3971*g + 1916*g + 2025*g. Determine t(7).
14
Let i(t) = -9*t**2 - 83*t + 87. Let b(j) = 2*j**2 + 20*j - 22. Let y(r) = -13*b(r) - 3*i(r). Calculate y(4).
-3
Let i(a) = -72*a + 77*a + 2 - 1 - 3. Let y(c) = -c. Suppose -4*z + 9*z = 5*v - 5, -6 = z - 2*v. Let g(b) = z*y(b) + i(b). What is g(-4)?
-6
Suppose 9*k - 11*k + 10 = 0. Suppose 5*h - 13 = -3*c, -k*h - 3*c = -h - 11. Let m(z) = z - 14*z**h + 11*z**2 + 3*z - 2. Calculate m(2).
-6
Let f(r) be the third derivative of -r**5/20 - r**4/8 +